{"id":1382,"date":"2025-10-26T13:41:38","date_gmt":"2025-10-26T11:41:38","guid":{"rendered":"https:\/\/srpskiklubnlt.rs\/?page_id=1382"},"modified":"2025-10-26T14:36:40","modified_gmt":"2025-10-26T12:36:40","slug":"%d1%81%d0%bf%d0%b5%d1%86%d0%b8%d1%98%d0%b0%d0%bb%d0%b8%d0%b7%d0%be%d0%b2%d0%b0%d0%bd%d0%b0-%d0%b8%d0%b7%d0%bb%d0%be%d0%b6%d0%b1%d0%b0","status":"publish","type":"page","link":"https:\/\/srpskiklubnlt.rs\/?page_id=1382","title":{"rendered":"\u0421\u043f\u0435\u0446\u0438\u0458\u0430\u043b\u043a\u0430 &#8211; 2025"},"content":{"rendered":"<p><strong><img loading=\"lazy\" decoding=\"async\" class=\"alignnone size-medium wp-image-1395\" style=\"font-weight: inherit;\" src=\"https:\/\/srpskiklubnlt.rs\/wp-content\/uploads\/2025\/10\/\u0418\u041c\u0413-\u0421\u043f\u0435\u0446\u0438\u0458\u0430\u043b\u043a\u0430-300x225.jpg\" alt=\"\" width=\"300\" height=\"225\" srcset=\"https:\/\/srpskiklubnlt.rs\/wp-content\/uploads\/2025\/10\/\u0418\u041c\u0413-\u0421\u043f\u0435\u0446\u0438\u0458\u0430\u043b\u043a\u0430-300x225.jpg 300w, https:\/\/srpskiklubnlt.rs\/wp-content\/uploads\/2025\/10\/\u0418\u041c\u0413-\u0421\u043f\u0435\u0446\u0438\u0458\u0430\u043b\u043a\u0430-1024x768.jpg 1024w, https:\/\/srpskiklubnlt.rs\/wp-content\/uploads\/2025\/10\/\u0418\u041c\u0413-\u0421\u043f\u0435\u0446\u0438\u0458\u0430\u043b\u043a\u0430-768x576.jpg 768w, https:\/\/srpskiklubnlt.rs\/wp-content\/uploads\/2025\/10\/\u0418\u041c\u0413-\u0421\u043f\u0435\u0446\u0438\u0458\u0430\u043b\u043a\u0430-1536x1152.jpg 1536w, https:\/\/srpskiklubnlt.rs\/wp-content\/uploads\/2025\/10\/\u0418\u041c\u0413-\u0421\u043f\u0435\u0446\u0438\u0458\u0430\u043b\u043a\u0430.jpg 2048w\" sizes=\"auto, (max-width: 300px) 100vw, 300px\" \/><img loading=\"lazy\" decoding=\"async\" class=\"alignnone size-medium wp-image-1394\" style=\"font-weight: inherit;\" src=\"https:\/\/srpskiklubnlt.rs\/wp-content\/uploads\/2025\/10\/IMG_1406-300x200.jpg\" alt=\"\" width=\"300\" height=\"200\" srcset=\"https:\/\/srpskiklubnlt.rs\/wp-content\/uploads\/2025\/10\/IMG_1406-300x200.jpg 300w, https:\/\/srpskiklubnlt.rs\/wp-content\/uploads\/2025\/10\/IMG_1406-1024x683.jpg 1024w, https:\/\/srpskiklubnlt.rs\/wp-content\/uploads\/2025\/10\/IMG_1406-768x512.jpg 768w, https:\/\/srpskiklubnlt.rs\/wp-content\/uploads\/2025\/10\/IMG_1406-1536x1024.jpg 1536w, https:\/\/srpskiklubnlt.rs\/wp-content\/uploads\/2025\/10\/IMG_1406.jpg 2048w\" sizes=\"auto, (max-width: 300px) 100vw, 300px\" \/><img loading=\"lazy\" decoding=\"async\" class=\"alignnone size-medium wp-image-1393\" style=\"font-style: inherit; font-weight: inherit;\" src=\"https:\/\/srpskiklubnlt.rs\/wp-content\/uploads\/2025\/10\/IMG_1405-300x200.jpg\" alt=\"\" width=\"300\" height=\"200\" srcset=\"https:\/\/srpskiklubnlt.rs\/wp-content\/uploads\/2025\/10\/IMG_1405-300x200.jpg 300w, https:\/\/srpskiklubnlt.rs\/wp-content\/uploads\/2025\/10\/IMG_1405-1024x683.jpg 1024w, https:\/\/srpskiklubnlt.rs\/wp-content\/uploads\/2025\/10\/IMG_1405-768x512.jpg 768w, https:\/\/srpskiklubnlt.rs\/wp-content\/uploads\/2025\/10\/IMG_1405-1536x1024.jpg 1536w, https:\/\/srpskiklubnlt.rs\/wp-content\/uploads\/2025\/10\/IMG_1405.jpg 2048w\" sizes=\"auto, (max-width: 300px) 100vw, 300px\" \/><img loading=\"lazy\" decoding=\"async\" class=\"alignnone size-medium wp-image-1387\" style=\"font-style: inherit; font-weight: inherit;\" src=\"https:\/\/srpskiklubnlt.rs\/wp-content\/uploads\/2025\/10\/IMG_1398-300x169.jpg\" alt=\"\" width=\"300\" height=\"169\" srcset=\"https:\/\/srpskiklubnlt.rs\/wp-content\/uploads\/2025\/10\/IMG_1398-300x169.jpg 300w, https:\/\/srpskiklubnlt.rs\/wp-content\/uploads\/2025\/10\/IMG_1398-1024x576.jpg 1024w, https:\/\/srpskiklubnlt.rs\/wp-content\/uploads\/2025\/10\/IMG_1398-768x432.jpg 768w, https:\/\/srpskiklubnlt.rs\/wp-content\/uploads\/2025\/10\/IMG_1398-1536x864.jpg 1536w, https:\/\/srpskiklubnlt.rs\/wp-content\/uploads\/2025\/10\/IMG_1398.jpg 1920w\" sizes=\"auto, (max-width: 300px) 100vw, 300px\" \/><img loading=\"lazy\" decoding=\"async\" class=\"alignnone size-medium wp-image-1386\" style=\"font-style: inherit; font-weight: inherit;\" src=\"https:\/\/srpskiklubnlt.rs\/wp-content\/uploads\/2025\/10\/IMG_1397-300x169.jpg\" alt=\"\" width=\"300\" height=\"169\" srcset=\"https:\/\/srpskiklubnlt.rs\/wp-content\/uploads\/2025\/10\/IMG_1397-300x169.jpg 300w, https:\/\/srpskiklubnlt.rs\/wp-content\/uploads\/2025\/10\/IMG_1397-1024x576.jpg 1024w, https:\/\/srpskiklubnlt.rs\/wp-content\/uploads\/2025\/10\/IMG_1397-768x432.jpg 768w, https:\/\/srpskiklubnlt.rs\/wp-content\/uploads\/2025\/10\/IMG_1397-1536x864.jpg 1536w, https:\/\/srpskiklubnlt.rs\/wp-content\/uploads\/2025\/10\/IMG_1397.jpg 1920w\" sizes=\"auto, (max-width: 300px) 100vw, 300px\" \/><span style=\"font-size: 16px;\">\u00a0<\/span><img loading=\"lazy\" decoding=\"async\" class=\"alignnone size-medium wp-image-1389\" style=\"font-style: inherit; font-weight: inherit;\" src=\"https:\/\/srpskiklubnlt.rs\/wp-content\/uploads\/2025\/10\/IMG_1401-300x169.jpg\" alt=\"\" width=\"300\" height=\"169\" srcset=\"https:\/\/srpskiklubnlt.rs\/wp-content\/uploads\/2025\/10\/IMG_1401-300x169.jpg 300w, https:\/\/srpskiklubnlt.rs\/wp-content\/uploads\/2025\/10\/IMG_1401-1024x576.jpg 1024w, https:\/\/srpskiklubnlt.rs\/wp-content\/uploads\/2025\/10\/IMG_1401-768x432.jpg 768w, https:\/\/srpskiklubnlt.rs\/wp-content\/uploads\/2025\/10\/IMG_1401-1536x864.jpg 1536w, https:\/\/srpskiklubnlt.rs\/wp-content\/uploads\/2025\/10\/IMG_1401.jpg 1920w\" sizes=\"auto, (max-width: 300px) 100vw, 300px\" \/><img loading=\"lazy\" decoding=\"async\" class=\"alignnone size-medium wp-image-1388\" style=\"font-style: inherit; font-weight: inherit;\" src=\"https:\/\/srpskiklubnlt.rs\/wp-content\/uploads\/2025\/10\/IMG_1399-300x169.jpg\" alt=\"\" width=\"300\" height=\"169\" srcset=\"https:\/\/srpskiklubnlt.rs\/wp-content\/uploads\/2025\/10\/IMG_1399-300x169.jpg 300w, https:\/\/srpskiklubnlt.rs\/wp-content\/uploads\/2025\/10\/IMG_1399-1024x576.jpg 1024w, https:\/\/srpskiklubnlt.rs\/wp-content\/uploads\/2025\/10\/IMG_1399-768x432.jpg 768w, https:\/\/srpskiklubnlt.rs\/wp-content\/uploads\/2025\/10\/IMG_1399-1536x864.jpg 1536w, https:\/\/srpskiklubnlt.rs\/wp-content\/uploads\/2025\/10\/IMG_1399.jpg 1920w\" sizes=\"auto, (max-width: 300px) 100vw, 300px\" \/><span style=\"font-size: 16px;\">\u00a0<\/span><img loading=\"lazy\" decoding=\"async\" class=\"alignnone size-medium wp-image-1390\" style=\"font-style: inherit; font-weight: inherit;\" src=\"https:\/\/srpskiklubnlt.rs\/wp-content\/uploads\/2025\/10\/IMG_1402-300x169.jpg\" alt=\"\" width=\"300\" height=\"169\" srcset=\"https:\/\/srpskiklubnlt.rs\/wp-content\/uploads\/2025\/10\/IMG_1402-300x169.jpg 300w, https:\/\/srpskiklubnlt.rs\/wp-content\/uploads\/2025\/10\/IMG_1402-1024x576.jpg 1024w, https:\/\/srpskiklubnlt.rs\/wp-content\/uploads\/2025\/10\/IMG_1402-768x432.jpg 768w, https:\/\/srpskiklubnlt.rs\/wp-content\/uploads\/2025\/10\/IMG_1402-1536x864.jpg 1536w, https:\/\/srpskiklubnlt.rs\/wp-content\/uploads\/2025\/10\/IMG_1402.jpg 1920w\" sizes=\"auto, (max-width: 300px) 100vw, 300px\" \/> <img loading=\"lazy\" decoding=\"async\" class=\"alignnone size-medium wp-image-1391\" style=\"font-style: inherit; font-weight: inherit;\" src=\"https:\/\/srpskiklubnlt.rs\/wp-content\/uploads\/2025\/10\/IMG_1403-300x169.jpg\" alt=\"\" width=\"300\" height=\"169\" srcset=\"https:\/\/srpskiklubnlt.rs\/wp-content\/uploads\/2025\/10\/IMG_1403-300x169.jpg 300w, https:\/\/srpskiklubnlt.rs\/wp-content\/uploads\/2025\/10\/IMG_1403-1024x576.jpg 1024w, https:\/\/srpskiklubnlt.rs\/wp-content\/uploads\/2025\/10\/IMG_1403-768x432.jpg 768w, https:\/\/srpskiklubnlt.rs\/wp-content\/uploads\/2025\/10\/IMG_1403-1536x864.jpg 1536w, https:\/\/srpskiklubnlt.rs\/wp-content\/uploads\/2025\/10\/IMG_1403.jpg 1920w\" sizes=\"auto, (max-width: 300px) 100vw, 300px\" \/> <img loading=\"lazy\" decoding=\"async\" class=\"alignnone size-medium wp-image-1392\" style=\"font-style: inherit; font-weight: inherit;\" src=\"https:\/\/srpskiklubnlt.rs\/wp-content\/uploads\/2025\/10\/IMG_1404-300x169.jpg\" alt=\"\" width=\"300\" height=\"169\" srcset=\"https:\/\/srpskiklubnlt.rs\/wp-content\/uploads\/2025\/10\/IMG_1404-300x169.jpg 300w, https:\/\/srpskiklubnlt.rs\/wp-content\/uploads\/2025\/10\/IMG_1404-1024x576.jpg 1024w, https:\/\/srpskiklubnlt.rs\/wp-content\/uploads\/2025\/10\/IMG_1404-768x432.jpg 768w, https:\/\/srpskiklubnlt.rs\/wp-content\/uploads\/2025\/10\/IMG_1404-1536x864.jpg 1536w, https:\/\/srpskiklubnlt.rs\/wp-content\/uploads\/2025\/10\/IMG_1404.jpg 1920w\" sizes=\"auto, (max-width: 300px) 100vw, 300px\" \/> <span style=\"font-size: 16px;\">\u00a0<\/span><span style=\"font-size: 16px;\">\u00a0<\/span><\/strong><\/p>\n<p><strong>\u0414\u0430\u043d\u0430 15.06.2025 \u0433\u043e\u0434\u0438\u043d\u0435 \u043d\u0430 \u041b\u043e\u0432\u0430\u0447\u043a\u043e\u043c \u0434\u043e\u043c\u0443 \u0443 \u0412\u0430\u0459\u0435\u0432\u0443 \u0421\u0440\u043f\u0441\u043a\u0438 \u043a\u043b\u0443\u0431 \u041d\u0435\u043c\u0430\u0447\u043a\u043e\u0433 \u043b\u043e\u0432\u043d\u043e\u0433 \u0442\u0435\u0440\u0438\u0458\u0435\u0440\u0430 \u0458\u0435 \u043e\u0440\u0433\u0430\u043d\u0438\u0437\u043e\u0432\u0430\u043e \u0441\u043f\u0435\u0446\u0438\u0458\u0430\u043b\u0438\u0437\u043e\u0432\u0430\u043d\u0443 \u0438\u0437\u043b\u043e\u0436\u0431\u0443 \u043f\u0430\u0441\u0430 \u0441\u0430 \u0434\u043e\u0434\u0435\u043b\u043e\u043c \u043a\u0430\u043d\u0434\u0438\u0434\u0430\u0442\u0443\u0440\u0435 &#8220;\u0426\u0410\u0426&#8221;. \u0421\u0443\u0434\u0438\u0458\u0430 \u043e\u0432\u0435 \u043c\u0430\u043d\u0438\u0444\u0435\u0441\u0442\u0430\u0446\u0438\u0458\u0435 \u0431\u0438\u043e \u0458\u0435 &#8220;Josef Andritzky&#8221;\u00a0 \u0438\u0437 \u041d\u0435\u043c\u0430\u0447\u043a\u0435,\u0432\u043e\u0452\u0430 \u0443\u0437\u0433\u043e\u0458\u0430 \u0443 \u0418\u043d\u0442\u0435\u0440\u043d\u0430\u0446\u0438\u043e\u043d\u0430\u043b\u043d\u043e\u043c \u043a\u043b\u0443\u0431\u0443 \u041d\u0435\u043c\u0430\u0447\u043a\u043e\u0433 \u043b\u043e\u0432\u043d\u043e\u0433 \u0442\u0435\u0440\u0438\u0458\u0435\u0440\u0430 \u0438 \u041d\u0435\u043c\u0430\u045a\u0430 \u0411\u043e\u0433\u0434\u0430\u043d\u043e\u0432\u0438\u045b ,\u0434\u0435\u043b\u0435\u0433\u0430\u0442 \u043e\u0432\u0435 \u0438\u0437\u043b\u043e\u0436\u0431\u0435 \u0438\u0441\u043f\u0440\u0435\u0434 \u041a\u0438\u043d\u043e\u043b\u043e\u0448\u043a\u043e\u0433 \u0441\u0430\u0432\u0435\u0437\u0430 \u0421\u0440\u0431\u0438\u0458\u0435 \u0431\u0438\u043e \u0458\u0435 \u041c\u0438\u043b\u0435\u0442\u0430 \u0421\u0440\u0435\u045b\u043a\u043e\u0432\u0438\u045b. \u041d\u0430 \u0441\u043f\u0435\u0446\u0438\u0458\u0430\u043b\u043a\u0443 \u0458\u0435 \u043f\u0440\u0438\u0458\u0430\u0432\u0459\u0435\u043d\u043e 25 \u0430 \u0438\u0437\u0432\u0435\u0434\u0435\u043d\u0430 23 \u043f\u0441\u0430,\u0440\u0435\u0437\u0443\u043b\u0442\u0430\u0442\u0438 \u0441\u0443 \u0441\u043b\u0435\u0434\u0435\u045b\u0438.<\/strong><\/p>\n<p><strong>1.\u00a0 Reks vom House Panickakill (intermedija mu\u017eijak): 5,CAC,CW mu\u017eijak, BOB (pobednik specijalke)<\/strong><\/p>\n<p><strong>2. Usyk vom Ilksonwald (mlad mu\u017eijak): 5, j.CAC , J.BOB\u00a0<\/strong><\/p>\n<p><strong>3. Mona von der Dachsschlucht , (mlada \u017eenka) : 5,J.CAC , BOS<\/strong><\/p>\n<p><strong>\u043e\u0441\u0442\u0430\u043b\u0438 \u0440\u0435\u0437\u0443\u043b\u0442\u0430\u0442\u0438 :<\/strong><\/p>\n<p><strong>\u00a0 \u00a0 \u00a0 \u00a0 \u00a0 \u00a0 <span style=\"color: #003366;\">\u00a0 \u00a0mu\u017eijaci razred puppy 6-9 meseci<\/span><\/strong><\/p>\n<p><strong>Der Jagd Tier Vuk (727824 Lt) : perspektivan &#8211; vlasnik: Dejan Jovanovi\u0107<\/strong><\/p>\n<p><strong>Bak (728203 Lt) : ne zadovoljava &#8211; vlasnik: Petrovi\u0107 Nenad<\/strong><\/p>\n<p><strong>Der Jagd Tier Willi (727831 Lt) : perspektivan &#8211; vlasnik: Ivan Bir\u010danin<\/strong><\/p>\n<p><strong><span style=\"color: #003366;\">\u00a0 \u00a0 \u00a0 \u00a0 \u00a0 \u00a0 \u00a0 \u00a0mu\u017eijaci razred mladih 9-18 meseci<\/span><\/strong><\/p>\n<p><span style=\"color: #000000;\">Eros od Grabove \u0161ume (727679 Lt) : 5 &#8211; vlasnik\u00a0 Dalibor Brankovi\u0107<\/span><\/p>\n<p><strong>Usyk vom Ilksonwald (727683 Lt) : 5, j.CAC , J.BOB &#8211; vlasnik: Tihomir Grkini\u0107<\/strong><\/p>\n<p><strong>AS von House Pani\u0107kakill (MNE 1500\/24 NLT) : vr.dobar 4 &#8211; vlasnik: Boris Dragovi\u0107 ( Crna Gora)<\/strong><\/p>\n<p><strong><span style=\"color: #003366;\">\u00a0 \u00a0 \u00a0 \u00a0 \u00a0 \u00a0 \u00a0 \u00a0mu\u017eijaci razred intermedija 15-24 meseca<\/span><\/strong><\/p>\n<p><strong>Reks vom House Panickakill (726168 Lt) : 5,CAC,CW mu\u017eijak, BOB (pobednik specijalke) &#8211; vlasnik: Obrad Pani\u0107<\/strong><\/p>\n<p><strong>Krol Nemanjin (726291 Lt) : nedovoljan 1 &#8211; vlasnik: Stanijanovi\u0107 Boban<\/strong><\/p>\n<p><strong>Urke Letnjikova\u010dki (727153 Lt) : nije izveden na specijalku &#8211; vlasnik: Leontijevi\u0107 Dragan<\/strong><\/p>\n<p><strong><span style=\"color: #003366;\">\u00a0 \u00a0 \u00a0 \u00a0 \u00a0 \u00a0 \u00a0 \u00a0mu\u017eijaci razred zrelih 18+ meseci<\/span><\/strong><\/p>\n<p><strong>Solomon Sirmium (726810 Lt) : vr. dobar 4 &#8211; vlasnik: Janos Micskei (Ma\u0111arska)<\/strong><\/p>\n<p><strong>Oskar Morjanski (726230 Lt) : vr. dobar 4 &#8211; vlasnik: Raji\u0107 Marko<\/strong><\/p>\n<p><strong>Fan\u0111o \u0161umski raj (724542 Lt) : vr. dobar 4 &#8211; vlasnik: Stani\u0161i\u0107 Nenad<\/strong><\/p>\n<p><strong>Astor (725483 Lt) : vr. dobar 4\u00a0 &#8211; vlasnik Luki\u0107 Aleksandar<\/strong><\/p>\n<p><strong>Ajs vom Ilksonwald (720873 Lt) : vr. dobar 4 &#8211; vlasnik:Tomi\u0107 Nikola<\/strong><\/p>\n<p><strong><span style=\"color: #003366;\">\u00a0 \u00a0 \u00a0 \u00a0 \u00a0 \u00a0 \u00a0 \u00a0mu\u017eijaci razred\u00a0 \u0161ampiona<\/span><\/strong><\/p>\n<p><strong>Der Jagd Tier Adolf (720705 Lt) : odli\u010dan 5 &#8211; vlasnik: Ivan Bir\u010danin<\/strong><\/p>\n<p><strong>Alfi vom Haus Staparsburg (726035 Lt) : vr. dobar 4 &#8211; vlasnik: Maja Elesin<\/strong><\/p>\n<p><strong><span style=\"color: #003366;\">\u00a0 \u00a0 \u00a0 \u00a0 \u00a0 \u00a0 \u00a0 \u00a0mu\u017eijaci razred radnih<\/span><\/strong><\/p>\n<p><strong>Flok \u0160umski Raj ( Lt ) : odli\u010dan 5 &#8211; vlasnik: Stani\u0161i\u0107 Nenad<\/strong><\/p>\n<p><strong><span style=\"color: #003366;\">\u00a0 \u00a0 \u00a0 \u00a0 \u00a0 \u00a0 \u00a0 \u00a0<span style=\"color: #ff6600;\">\u017eenke razred mladih 9-18 meseci<\/span><\/span><\/strong><\/p>\n<p><strong>A-Toska (727271 Lt) : vr. dobar 4 &#8211; vlasnik: Mladen \u0106irilovi\u0107<\/strong><\/p>\n<p><strong>Sara II Siyux (727607 Lt) : vr. dobar 4 &#8211; vlasnik: Zlatomir Tomi\u0107<\/strong><\/p>\n<p><strong>B-Arka (727911 Lt) :\u00a0 nije izvedena na specijalku &#8211; vlasnik: Vladan Kr\u010devinac<\/strong><\/p>\n<p><strong>Mona von der Dachsschlucht (ZB-NR:77141) : odli\u010dan 5, J.CAC , BOS &#8211; vlasnik: Zlatko Pisarevi\u0107<\/strong><\/p>\n<p><strong><span style=\"color: #003366;\">\u00a0 \u00a0 \u00a0 \u00a0 \u00a0 \u00a0 \u00a0 \u00a0 \u00a0<span style=\"color: #ff6600;\">\u017eenke razred intermedija 15-24 meseci<\/span><\/span><\/strong><\/p>\n<p><strong>Warta Sirmium (726393 Lt) : vr. dobar 4 &#8211; vlasnik: David Micskei ( Ma\u0111arska)<\/strong><\/p>\n<p><strong><span style=\"color: #003366;\"><span style=\"color: #ff6600;\">\u00a0 \u00a0 \u00a0 \u00a0 \u00a0 \u00a0 \u00a0 \u00a0 \u00a0\u017eenke razred zrelih 18+ meseci<\/span><\/span><\/strong><\/p>\n<p><strong>Alfa (724127 Lt) : vr. dobar 4 &#8211; vlasnik: Dejan Jovanovi\u0107<\/strong><\/p>\n<p><strong>Der Jagd Tier Tara (726660 Lt) : odli\u010dan 5, CAC, CW \u017eenka &#8211; vlasnik: Ivan Bir\u010danin\u00a0<\/strong><\/p>\n<p><strong><span style=\"color: #003366;\"><span style=\"color: #ff6600;\">\u00a0 \u00a0 \u00a0 \u00a0 \u00a0 \u00a0 \u00a0 \u00a0 \u00a0 \u017eenke razred radnih<\/span><\/span><\/strong><\/p>\n<p><strong>Delta \u0160umski Raj (722797 Lt) : vr. dobar 4 &#8211; vlasnik: Nenad Stani\u0161i\u0107<\/strong><\/p>\n<p><strong>Cita Bella Sirmium (720107 Lt) : nije izvedena na specijalku\u00a0 &#8211; vlasnik: Vladimir Pavlovi\u0107<\/strong><\/p>\n<p>&nbsp;<\/p>\n<p>&nbsp;<\/p>\n","protected":false},"excerpt":{"rendered":"<p>\u00a0\u00a0 \u00a0\u00a0 \u0414\u0430\u043d\u0430 15.06.2025 \u0433\u043e\u0434\u0438\u043d\u0435 \u043d\u0430 \u041b\u043e\u0432\u0430\u0447\u043a\u043e\u043c \u0434\u043e\u043c\u0443 \u0443 \u0412\u0430\u0459\u0435\u0432\u0443 \u0421\u0440\u043f\u0441\u043a\u0438 \u043a\u043b\u0443\u0431 \u041d\u0435\u043c\u0430\u0447\u043a\u043e\u0433 \u043b\u043e\u0432\u043d\u043e\u0433 \u0442\u0435\u0440\u0438\u0458\u0435\u0440\u0430 \u0458\u0435 \u043e\u0440\u0433\u0430\u043d\u0438\u0437\u043e\u0432\u0430\u043e \u0441\u043f\u0435\u0446\u0438\u0458\u0430\u043b\u0438\u0437\u043e\u0432\u0430\u043d\u0443 \u0438\u0437\u043b\u043e\u0436\u0431\u0443 \u043f\u0430\u0441\u0430 \u0441\u0430 \u0434\u043e\u0434\u0435\u043b\u043e\u043c \u043a\u0430\u043d\u0434\u0438\u0434\u0430\u0442\u0443\u0440\u0435 &#8220;\u0426\u0410\u0426&#8221;. \u0421\u0443\u0434\u0438\u0458\u0430 \u043e\u0432\u0435 \u043c\u0430\u043d\u0438\u0444\u0435\u0441\u0442\u0430\u0446\u0438\u0458\u0435 \u0431\u0438\u043e \u0458\u0435 &#8220;Josef Andritzky&#8221;\u00a0 \u0438\u0437 \u041d\u0435\u043c\u0430\u0447\u043a\u0435,\u0432\u043e\u0452\u0430 \u0443\u0437\u0433\u043e\u0458\u0430 \u0443 \u0418\u043d\u0442\u0435\u0440\u043d\u0430\u0446\u0438\u043e\u043d\u0430\u043b\u043d\u043e\u043c \u043a\u043b\u0443\u0431\u0443 \u041d\u0435\u043c\u0430\u0447\u043a\u043e\u0433 \u043b\u043e\u0432\u043d\u043e\u0433 \u0442\u0435\u0440\u0438\u0458\u0435\u0440\u0430 \u0438 \u041d\u0435\u043c\u0430\u045a\u0430 \u0411\u043e\u0433\u0434\u0430\u043d\u043e\u0432\u0438\u045b ,\u0434\u0435\u043b\u0435\u0433\u0430\u0442 \u043e\u0432\u0435 \u0438\u0437\u043b\u043e\u0436\u0431\u0435 \u0438\u0441\u043f\u0440\u0435\u0434 \u041a\u0438\u043d\u043e\u043b\u043e\u0448\u043a\u043e\u0433 \u0441\u0430\u0432\u0435\u0437\u0430 \u0421\u0440\u0431\u0438\u0458\u0435 \u0431\u0438\u043e \u0458\u0435 \u041c\u0438\u043b\u0435\u0442\u0430 \u0421\u0440\u0435\u045b\u043a\u043e\u0432\u0438\u045b. \u041d\u0430 &hellip;<\/p>\n<p class=\"read-more\"> <a class=\"\" href=\"https:\/\/srpskiklubnlt.rs\/?page_id=1382\"> <span class=\"screen-reader-text\">\u0421\u043f\u0435\u0446\u0438\u0458\u0430\u043b\u043a\u0430 &#8211; 2025<\/span> Read More &raquo;<\/a><\/p>\n","protected":false},"author":1,"featured_media":0,"parent":0,"menu_order":0,"comment_status":"closed","ping_status":"closed","template":"","meta":{"_uag_custom_page_level_css":"","site-sidebar-layout":"default","site-content-layout":"","ast-site-content-layout":"default","site-content-style":"default","site-sidebar-style":"default","ast-global-header-display":"","ast-banner-title-visibility":"","ast-main-header-display":"","ast-hfb-above-header-display":"","ast-hfb-below-header-display":"","ast-hfb-mobile-header-display":"","site-post-title":"disabled","ast-breadcrumbs-content":"","ast-featured-img":"","footer-sml-layout":"","theme-transparent-header-meta":"default","adv-header-id-meta":"","stick-header-meta":"","header-above-stick-meta":"","header-main-stick-meta":"","header-below-stick-meta":"","astra-migrate-meta-layouts":"set","footnotes":""},"class_list":["post-1382","page","type-page","status-publish","hentry"],"uagb_featured_image_src":{"full":false,"thumbnail":false,"medium":false,"medium_large":false,"large":false,"1536x1536":false,"2048x2048":false},"uagb_author_info":{"display_name":"admin","author_link":"https:\/\/srpskiklubnlt.rs\/?author=1"},"uagb_comment_info":0,"uagb_excerpt":"\u00a0\u00a0 \u00a0\u00a0 \u0414\u0430\u043d\u0430 15.06.2025 \u0433\u043e\u0434\u0438\u043d\u0435 \u043d\u0430 \u041b\u043e\u0432\u0430\u0447\u043a\u043e\u043c \u0434\u043e\u043c\u0443 \u0443 \u0412\u0430\u0459\u0435\u0432\u0443 \u0421\u0440\u043f\u0441\u043a\u0438 \u043a\u043b\u0443\u0431 \u041d\u0435\u043c\u0430\u0447\u043a\u043e\u0433 \u043b\u043e\u0432\u043d\u043e\u0433 \u0442\u0435\u0440\u0438\u0458\u0435\u0440\u0430 \u0458\u0435 \u043e\u0440\u0433\u0430\u043d\u0438\u0437\u043e\u0432\u0430\u043e \u0441\u043f\u0435\u0446\u0438\u0458\u0430\u043b\u0438\u0437\u043e\u0432\u0430\u043d\u0443 \u0438\u0437\u043b\u043e\u0436\u0431\u0443 \u043f\u0430\u0441\u0430 \u0441\u0430 \u0434\u043e\u0434\u0435\u043b\u043e\u043c \u043a\u0430\u043d\u0434\u0438\u0434\u0430\u0442\u0443\u0440\u0435 &#8220;\u0426\u0410\u0426&#8221;. \u0421\u0443\u0434\u0438\u0458\u0430 \u043e\u0432\u0435 \u043c\u0430\u043d\u0438\u0444\u0435\u0441\u0442\u0430\u0446\u0438\u0458\u0435 \u0431\u0438\u043e \u0458\u0435 &#8220;Josef Andritzky&#8221;\u00a0 \u0438\u0437 \u041d\u0435\u043c\u0430\u0447\u043a\u0435,\u0432\u043e\u0452\u0430 \u0443\u0437\u0433\u043e\u0458\u0430 \u0443 \u0418\u043d\u0442\u0435\u0440\u043d\u0430\u0446\u0438\u043e\u043d\u0430\u043b\u043d\u043e\u043c \u043a\u043b\u0443\u0431\u0443 \u041d\u0435\u043c\u0430\u0447\u043a\u043e\u0433 \u043b\u043e\u0432\u043d\u043e\u0433 \u0442\u0435\u0440\u0438\u0458\u0435\u0440\u0430 \u0438 \u041d\u0435\u043c\u0430\u045a\u0430 \u0411\u043e\u0433\u0434\u0430\u043d\u043e\u0432\u0438\u045b ,\u0434\u0435\u043b\u0435\u0433\u0430\u0442 \u043e\u0432\u0435 \u0438\u0437\u043b\u043e\u0436\u0431\u0435 \u0438\u0441\u043f\u0440\u0435\u0434 \u041a\u0438\u043d\u043e\u043b\u043e\u0448\u043a\u043e\u0433 \u0441\u0430\u0432\u0435\u0437\u0430 \u0421\u0440\u0431\u0438\u0458\u0435 \u0431\u0438\u043e \u0458\u0435 \u041c\u0438\u043b\u0435\u0442\u0430 \u0421\u0440\u0435\u045b\u043a\u043e\u0432\u0438\u045b. \u041d\u0430&hellip;","_links":{"self":[{"href":"https:\/\/srpskiklubnlt.rs\/index.php?rest_route=\/wp\/v2\/pages\/1382","targetHints":{"allow":["GET"]}}],"collection":[{"href":"https:\/\/srpskiklubnlt.rs\/index.php?rest_route=\/wp\/v2\/pages"}],"about":[{"href":"https:\/\/srpskiklubnlt.rs\/index.php?rest_route=\/wp\/v2\/types\/page"}],"author":[{"embeddable":true,"href":"https:\/\/srpskiklubnlt.rs\/index.php?rest_route=\/wp\/v2\/users\/1"}],"replies":[{"embeddable":true,"href":"https:\/\/srpskiklubnlt.rs\/index.php?rest_route=%2Fwp%2Fv2%2Fcomments&post=1382"}],"version-history":[{"count":6,"href":"https:\/\/srpskiklubnlt.rs\/index.php?rest_route=\/wp\/v2\/pages\/1382\/revisions"}],"predecessor-version":[{"id":1399,"href":"https:\/\/srpskiklubnlt.rs\/index.php?rest_route=\/wp\/v2\/pages\/1382\/revisions\/1399"}],"wp:attachment":[{"href":"https:\/\/srpskiklubnlt.rs\/index.php?rest_route=%2Fwp%2Fv2%2Fmedia&parent=1382"}],"curies":[{"name":"wp","href":"https:\/\/api.w.org\/{rel}","templated":true}]}}