{"id":1246,"date":"2024-05-29T10:55:00","date_gmt":"2024-05-29T08:55:00","guid":{"rendered":"https:\/\/srpskiklubnlt.rs\/?page_id=1246"},"modified":"2024-05-29T11:17:03","modified_gmt":"2024-05-29T09:17:03","slug":"erik-avramski","status":"publish","type":"page","link":"https:\/\/srpskiklubnlt.rs\/?page_id=1246","title":{"rendered":"Erik Avramski"},"content":{"rendered":"<p><img loading=\"lazy\" decoding=\"async\" class=\"alignnone size-medium wp-image-1259\" src=\"https:\/\/srpskiklubnlt.rs\/wp-content\/uploads\/2024\/05\/Erik-Avramski-298x300.jpg\" alt=\"\" width=\"298\" height=\"300\" srcset=\"https:\/\/srpskiklubnlt.rs\/wp-content\/uploads\/2024\/05\/Erik-Avramski-298x300.jpg 298w, https:\/\/srpskiklubnlt.rs\/wp-content\/uploads\/2024\/05\/Erik-Avramski-150x150.jpg 150w, https:\/\/srpskiklubnlt.rs\/wp-content\/uploads\/2024\/05\/Erik-Avramski-768x774.jpg 768w, https:\/\/srpskiklubnlt.rs\/wp-content\/uploads\/2024\/05\/Erik-Avramski.jpg 993w\" sizes=\"auto, (max-width: 298px) 100vw, 298px\" \/><\/p>\n<p style=\"text-align: left;\"><strong>Erik Avramski\u00a0 <span style=\"color: #ff0000;\">PLL N\/N* , MYO N\/N*<\/span><\/strong><\/p>\n<p style=\"text-align: left;\"><strong>Pol : mu\u0161ki<\/strong><\/p>\n<p style=\"text-align: left;\"><strong>Jr broj : 720318 Lt<\/strong><\/p>\n<p style=\"text-align: left;\"><strong>Datum ro\u0111enja : 30.12.2019<\/strong><\/p>\n<p style=\"text-align: left;\"><strong>Otac : Ulan von Hochkuchlberg<\/strong><\/p>\n<p style=\"text-align: left;\"><strong>Majka : Cita Avramska<\/strong><\/p>\n<p><strong>Visina : 37 cm\u00a0 \u00a0Obim: 47<\/strong><\/p>\n<p style=\"text-align: left;\"><strong>Forma : V<\/strong><\/p>\n<p style=\"text-align: left;\"><strong>Dlaka : SG<\/strong><\/p>\n<p style=\"text-align: left;\"><strong>IUO : \u00d6.AP.(122.1pr.)\u00a0 DS: (DE) S<\/strong><\/p>\n<p style=\"text-align: left;\"><strong>O\u0161trina : \u00d6.BP.(64. F-4h)<\/strong><\/p>\n<p><strong>Vlasnik : Milo\u0161evi\u0107 Goran , Donja Livadica , +43664456004<\/strong><\/p>\n<p style=\"text-align: left;\">\n","protected":false},"excerpt":{"rendered":"<p>Erik Avramski\u00a0 PLL N\/N* , MYO N\/N* Pol : mu\u0161ki Jr broj : 720318 Lt Datum ro\u0111enja : 30.12.2019 Otac : Ulan von Hochkuchlberg Majka : Cita Avramska Visina : 37 cm\u00a0 \u00a0Obim: 47 Forma : V Dlaka : SG IUO : \u00d6.AP.(122.1pr.)\u00a0 DS: (DE) S O\u0161trina : \u00d6.BP.(64. F-4h) Vlasnik : Milo\u0161evi\u0107 Goran , &hellip;<\/p>\n<p class=\"read-more\"> <a class=\"\" href=\"https:\/\/srpskiklubnlt.rs\/?page_id=1246\"> <span class=\"screen-reader-text\">Erik Avramski<\/span> Read More &raquo;<\/a><\/p>\n","protected":false},"author":1,"featured_media":0,"parent":0,"menu_order":0,"comment_status":"closed","ping_status":"closed","template":"","meta":{"_uag_custom_page_level_css":"","site-sidebar-layout":"default","site-content-layout":"","ast-site-content-layout":"default","site-content-style":"default","site-sidebar-style":"default","ast-global-header-display":"","ast-banner-title-visibility":"","ast-main-header-display":"","ast-hfb-above-header-display":"","ast-hfb-below-header-display":"","ast-hfb-mobile-header-display":"","site-post-title":"","ast-breadcrumbs-content":"","ast-featured-img":"","footer-sml-layout":"","theme-transparent-header-meta":"default","adv-header-id-meta":"","stick-header-meta":"","header-above-stick-meta":"","header-main-stick-meta":"","header-below-stick-meta":"","astra-migrate-meta-layouts":"set","footnotes":""},"class_list":["post-1246","page","type-page","status-publish","hentry"],"uagb_featured_image_src":{"full":false,"thumbnail":false,"medium":false,"medium_large":false,"large":false,"1536x1536":false,"2048x2048":false},"uagb_author_info":{"display_name":"admin","author_link":"https:\/\/srpskiklubnlt.rs\/?author=1"},"uagb_comment_info":0,"uagb_excerpt":"Erik Avramski\u00a0 PLL N\/N* , MYO N\/N* Pol : mu\u0161ki Jr broj : 720318 Lt Datum ro\u0111enja : 30.12.2019 Otac : Ulan von Hochkuchlberg Majka : Cita Avramska Visina : 37 cm\u00a0 \u00a0Obim: 47 Forma : V Dlaka : SG IUO : \u00d6.AP.(122.1pr.)\u00a0 DS: (DE) S O\u0161trina : \u00d6.BP.(64. F-4h) Vlasnik : Milo\u0161evi\u0107 Goran ,&hellip;","_links":{"self":[{"href":"https:\/\/srpskiklubnlt.rs\/index.php?rest_route=\/wp\/v2\/pages\/1246","targetHints":{"allow":["GET"]}}],"collection":[{"href":"https:\/\/srpskiklubnlt.rs\/index.php?rest_route=\/wp\/v2\/pages"}],"about":[{"href":"https:\/\/srpskiklubnlt.rs\/index.php?rest_route=\/wp\/v2\/types\/page"}],"author":[{"embeddable":true,"href":"https:\/\/srpskiklubnlt.rs\/index.php?rest_route=\/wp\/v2\/users\/1"}],"replies":[{"embeddable":true,"href":"https:\/\/srpskiklubnlt.rs\/index.php?rest_route=%2Fwp%2Fv2%2Fcomments&post=1246"}],"version-history":[{"count":4,"href":"https:\/\/srpskiklubnlt.rs\/index.php?rest_route=\/wp\/v2\/pages\/1246\/revisions"}],"predecessor-version":[{"id":1260,"href":"https:\/\/srpskiklubnlt.rs\/index.php?rest_route=\/wp\/v2\/pages\/1246\/revisions\/1260"}],"wp:attachment":[{"href":"https:\/\/srpskiklubnlt.rs\/index.php?rest_route=%2Fwp%2Fv2%2Fmedia&parent=1246"}],"curies":[{"name":"wp","href":"https:\/\/api.w.org\/{rel}","templated":true}]}}

<p><img loading="lazy" decoding="async" class="alignnone size-medium wp-image-1259" src="https://srpskiklubnlt.rs/wp-content/uploads/2024/05/Erik-Avramski-298x300.jpg" alt="" width="298" height="300" srcset="https://srpskiklubnlt.rs/wp-content/uploads/2024/05/Erik-Avramski-298x300.jpg 298w, https://srpskiklubnlt.rs/wp-content/uploads/2024/05/Erik-Avramski-150x150.jpg 150w, https://srpskiklubnlt.rs/wp-content/uploads/2024/05/Erik-Avramski-768x774.jpg 768w, https://srpskiklubnlt.rs/wp-content/uploads/2024/05/Erik-Avramski.jpg 993w" sizes="auto, (max-width: 298px) 100vw, 298px" /></p>
<p style="text-align: left;"><strong>Erik Avramski  <span style="color: #ff0000;">PLL N/N* , MYO N/N*</span></strong></p>
<p style="text-align: left;"><strong>Pol : muški</strong></p>
<p style="text-align: left;"><strong>Jr broj : 720318 Lt</strong></p>
<p style="text-align: left;"><strong>Datum rođenja : 30.12.2019</strong></p>
<p style="text-align: left;"><strong>Otac : Ulan von Hochkuchlberg</strong></p>
<p style="text-align: left;"><strong>Majka : Cita Avramska</strong></p>
<p><strong>Visina : 37 cm   Obim: 47</strong></p>
<p style="text-align: left;"><strong>Forma : V</strong></p>
<p style="text-align: left;"><strong>Dlaka : SG</strong></p>
<p style="text-align: left;"><strong>IUO : Ö.AP.(122.1pr.)  DS: (DE) S</strong></p>
<p style="text-align: left;"><strong>Oštrina : Ö.BP.(64. F-4h)</strong></p>
<p><strong>Vlasnik : Milošević Goran , Donja Livadica , +43664456004</strong></p>
<p style="text-align: left;">

<p>Erik Avramski  PLL N/N* , MYO N/N* Pol : muški Jr broj : 720318 Lt Datum rođenja : 30.12.2019 Otac : Ulan von Hochkuchlberg Majka : Cita Avramska Visina : 37 cm   Obim: 47 Forma : V Dlaka : SG IUO : Ö.AP.(122.1pr.)  DS: (DE) S Oštrina : Ö.BP.(64. F-4h) Vlasnik : Milošević Goran , &hellip;</p>
<p class="read-more"> <a class="" href="https://srpskiklubnlt.rs/?page_id=1246"> <span class="screen-reader-text">Erik Avramski</span> Read More &raquo;</a></p>

Erik Avramski  PLL N/N* , MYO N/N* Pol : muški Jr broj : 720318 Lt Datum rođenja : 30.12.2019 Otac : Ulan von Hochkuchlberg Majka : Cita Avramska Visina : 37 cm   Obim: 47 Forma : V Dlaka : SG IUO : Ö.AP.(122.1pr.)  DS: (DE) S Oštrina : Ö.BP.(64. F-4h) Vlasnik : Milošević Goran ,&hellip;
