{"id":1095,"date":"2023-10-31T12:55:07","date_gmt":"2023-10-31T10:55:07","guid":{"rendered":"https:\/\/srpskiklubnlt.rs\/?page_id=1095"},"modified":"2023-11-05T15:40:48","modified_gmt":"2023-11-05T13:40:48","slug":"%d0%b8%d1%81%d0%bf%d0%b8%d1%82-%d1%83%d1%80%d0%be%d1%92%d0%b5%d0%bd%d0%b8%d1%85-%d0%be%d1%81%d0%be%d0%b1%d0%b8%d0%bd%d0%b0-28-10-2023","status":"publish","type":"page","link":"https:\/\/srpskiklubnlt.rs\/?page_id=1095","title":{"rendered":"\u0418\u0441\u043f\u0438\u0442 \u0443\u0440\u043e\u0452\u0435\u043d\u0438\u0445 \u043e\u0441\u043e\u0431\u0438\u043d\u0430 28.10.2023"},"content":{"rendered":"<div class=\"xdj266r x11i5rnm xat24cr x1mh8g0r x1vvkbs x126k92a\"><\/div>\n<h6 dir=\"auto\">\u0421\u0440\u043f\u0441\u043a\u0438 \u043a\u043b\u0443\u0431 \u041d\u041b\u0422 \u0458\u0435 28.10.2023 \u0433\u043e\u0434\u0438\u043d\u0435 \u0443 \u041c\u0430\u0440\u0433\u0438\u0442\u0438 \u043e\u0434\u0440\u0436\u0430\u043e \u0441\u043c\u043e\u0442\u0440\u0443 \u0438 \u0438\u0441\u043f\u0438\u0442 \u0443\u0440\u043e\u0452\u0435\u043d\u0438\u0445 \u043e\u0441\u043e\u0431\u0438\u043d\u0430<\/h6>\n<h6 dir=\"auto\">\u0441\u0443\u0434\u0438\u0458\u0435 \u0438\u0441\u043f\u0438\u0442\u0430 \u0438 \u0441\u043c\u043e\u0442\u0440\u0435 \u0431\u0438\u043b\u0438 \u0441\u0443:<\/h6>\n<h6 dir=\"auto\">\u0414\u0440\u0430\u0433\u0430\u043d \u0412\u0443\u0458\u0438\u045b<br \/>\n\u0421\u043b\u043e\u0431\u043e\u0434\u0430\u043d \u041b\u0443\u043a\u0438\u045b( vom Fuchskralle )<\/h6>\n<p>&nbsp;<\/p>\n<p><em><strong>\u041d\u0430 \u0441\u043c\u043e\u0442\u0440\u0443 \u0458\u0435 \u0438\u0437\u0432\u0435\u0434\u0435\u043d\u043e 5 \u043f\u0430\u0441\u0430:<\/strong><\/em><\/p>\n<p><em><strong>1.H-INA, vlasnik: Jovanovi\u0107 Dejan,Plandi\u0161te, forma V, dlaka V<\/strong><\/em><\/p>\n<p><em><strong>2.COBI VOM ILKSONWALD, vlasnik: Tomi\u0107 Nikola,Velika Plana, forma SG, dlaka V<\/strong><\/em><\/p>\n<p><em><strong>3.KASPER II SIYUX,vlasnik: Dem\u0161e Antal,Vr\u0161ac, forma SG , dlaka SG<\/strong><\/em><\/p>\n<p><em><strong>4.SUICIDAL NELLI,vlasnik: Radi\u0107 Pavle,Obrovac, forma G, dlaka V<\/strong><\/em><\/p>\n<p><em><strong>5.FANTA \u0160UMSKI RAJ,vlasnik: Milenkovi\u0107 Dalibor,Vr\u0161ac, forma DISQ. (nedostaju donji p1 zubi), dlaka V<\/strong><\/em><\/p>\n<p><em><strong>\u041d\u0430 \u0438\u0441\u043f\u0438\u0442 \u0458\u0435 \u0438\u0437\u0432\u0435\u0434\u0435\u043d\u043e 4 \u043f\u0441\u0430:<\/strong><\/em><\/p>\n<p><em><strong>1.COBI VOM ILKSONWALD, vlasnik: Tomi\u0107 Nikola,Velika Plana, 91p Inr<\/strong><\/em><\/p>\n<p><em><strong>2.FANTA \u0160UMSKI RAJ,vlasnik: Milenkovi\u0107 Dalibor,Vr\u0161ac, 84p Inr<\/strong><\/em><\/p>\n<p><em><strong>3.SUICIDAL NELLI,vlasnik: Radi\u0107 Pavle,Obrovac, 75p IInr<\/strong><\/em><\/p>\n<p><em><strong>4.DER JAGD TIER ULLRLICH,vlasnik: Bir\u010danin Ivan,Valjevo.(pas povu\u010den sa ispita od strane vlasnika nakon prve prilike)<\/strong><\/em><\/p>\n<p>&nbsp;<\/p>\n<p>&nbsp;<\/p>\n<p><img loading=\"lazy\" decoding=\"async\" class=\"alignnone size-medium wp-image-1097\" src=\"https:\/\/srpskiklubnlt.rs\/wp-content\/uploads\/2023\/10\/unnamed-2-300x225.jpg\" alt=\"\" width=\"300\" height=\"225\" srcset=\"https:\/\/srpskiklubnlt.rs\/wp-content\/uploads\/2023\/10\/unnamed-2-300x225.jpg 300w, https:\/\/srpskiklubnlt.rs\/wp-content\/uploads\/2023\/10\/unnamed-2-1024x768.jpg 1024w, https:\/\/srpskiklubnlt.rs\/wp-content\/uploads\/2023\/10\/unnamed-2-768x576.jpg 768w, https:\/\/srpskiklubnlt.rs\/wp-content\/uploads\/2023\/10\/unnamed-2-1536x1152.jpg 1536w, https:\/\/srpskiklubnlt.rs\/wp-content\/uploads\/2023\/10\/unnamed-2-2048x1536.jpg 2048w\" sizes=\"auto, (max-width: 300px) 100vw, 300px\" \/><\/p>\n<p>&nbsp;<\/p>\n","protected":false},"excerpt":{"rendered":"<p>\u0421\u0440\u043f\u0441\u043a\u0438 \u043a\u043b\u0443\u0431 \u041d\u041b\u0422 \u0458\u0435 28.10.2023 \u0433\u043e\u0434\u0438\u043d\u0435 \u0443 \u041c\u0430\u0440\u0433\u0438\u0442\u0438 \u043e\u0434\u0440\u0436\u0430\u043e \u0441\u043c\u043e\u0442\u0440\u0443 \u0438 \u0438\u0441\u043f\u0438\u0442 \u0443\u0440\u043e\u0452\u0435\u043d\u0438\u0445 \u043e\u0441\u043e\u0431\u0438\u043d\u0430 \u0441\u0443\u0434\u0438\u0458\u0435 \u0438\u0441\u043f\u0438\u0442\u0430 \u0438 \u0441\u043c\u043e\u0442\u0440\u0435 \u0431\u0438\u043b\u0438 \u0441\u0443: \u0414\u0440\u0430\u0433\u0430\u043d \u0412\u0443\u0458\u0438\u045b \u0421\u043b\u043e\u0431\u043e\u0434\u0430\u043d \u041b\u0443\u043a\u0438\u045b( vom Fuchskralle ) &nbsp; \u041d\u0430 \u0441\u043c\u043e\u0442\u0440\u0443 \u0458\u0435 \u0438\u0437\u0432\u0435\u0434\u0435\u043d\u043e 5 \u043f\u0430\u0441\u0430: 1.H-INA, vlasnik: Jovanovi\u0107 Dejan,Plandi\u0161te, forma V, dlaka V 2.COBI VOM ILKSONWALD, vlasnik: Tomi\u0107 Nikola,Velika Plana, forma SG, dlaka V 3.KASPER II &hellip;<\/p>\n<p class=\"read-more\"> <a class=\"\" href=\"https:\/\/srpskiklubnlt.rs\/?page_id=1095\"> <span class=\"screen-reader-text\">\u0418\u0441\u043f\u0438\u0442 \u0443\u0440\u043e\u0452\u0435\u043d\u0438\u0445 \u043e\u0441\u043e\u0431\u0438\u043d\u0430 28.10.2023<\/span> Read More &raquo;<\/a><\/p>\n","protected":false},"author":1,"featured_media":1097,"parent":0,"menu_order":0,"comment_status":"closed","ping_status":"closed","template":"","meta":{"_uag_custom_page_level_css":"","site-sidebar-layout":"default","site-content-layout":"","ast-site-content-layout":"default","site-content-style":"default","site-sidebar-style":"default","ast-global-header-display":"","ast-banner-title-visibility":"","ast-main-header-display":"","ast-hfb-above-header-display":"","ast-hfb-below-header-display":"","ast-hfb-mobile-header-display":"","site-post-title":"","ast-breadcrumbs-content":"","ast-featured-img":"","footer-sml-layout":"","theme-transparent-header-meta":"default","adv-header-id-meta":"","stick-header-meta":"","header-above-stick-meta":"","header-main-stick-meta":"","header-below-stick-meta":"","astra-migrate-meta-layouts":"set","footnotes":""},"class_list":["post-1095","page","type-page","status-publish","has-post-thumbnail","hentry"],"uagb_featured_image_src":{"full":["https:\/\/srpskiklubnlt.rs\/wp-content\/uploads\/2023\/10\/unnamed-2-scaled.jpg",2560,1920,false],"thumbnail":["https:\/\/srpskiklubnlt.rs\/wp-content\/uploads\/2023\/10\/unnamed-2-150x150.jpg",150,150,true],"medium":["https:\/\/srpskiklubnlt.rs\/wp-content\/uploads\/2023\/10\/unnamed-2-300x225.jpg",300,225,true],"medium_large":["https:\/\/srpskiklubnlt.rs\/wp-content\/uploads\/2023\/10\/unnamed-2-768x576.jpg",768,576,true],"large":["https:\/\/srpskiklubnlt.rs\/wp-content\/uploads\/2023\/10\/unnamed-2-1024x768.jpg",1024,768,true],"1536x1536":["https:\/\/srpskiklubnlt.rs\/wp-content\/uploads\/2023\/10\/unnamed-2-1536x1152.jpg",1536,1152,true],"2048x2048":["https:\/\/srpskiklubnlt.rs\/wp-content\/uploads\/2023\/10\/unnamed-2-2048x1536.jpg",2048,1536,true]},"uagb_author_info":{"display_name":"admin","author_link":"https:\/\/srpskiklubnlt.rs\/?author=1"},"uagb_comment_info":0,"uagb_excerpt":"\u0421\u0440\u043f\u0441\u043a\u0438 \u043a\u043b\u0443\u0431 \u041d\u041b\u0422 \u0458\u0435 28.10.2023 \u0433\u043e\u0434\u0438\u043d\u0435 \u0443 \u041c\u0430\u0440\u0433\u0438\u0442\u0438 \u043e\u0434\u0440\u0436\u0430\u043e \u0441\u043c\u043e\u0442\u0440\u0443 \u0438 \u0438\u0441\u043f\u0438\u0442 \u0443\u0440\u043e\u0452\u0435\u043d\u0438\u0445 \u043e\u0441\u043e\u0431\u0438\u043d\u0430 \u0441\u0443\u0434\u0438\u0458\u0435 \u0438\u0441\u043f\u0438\u0442\u0430 \u0438 \u0441\u043c\u043e\u0442\u0440\u0435 \u0431\u0438\u043b\u0438 \u0441\u0443: \u0414\u0440\u0430\u0433\u0430\u043d \u0412\u0443\u0458\u0438\u045b \u0421\u043b\u043e\u0431\u043e\u0434\u0430\u043d \u041b\u0443\u043a\u0438\u045b( vom Fuchskralle ) &nbsp; \u041d\u0430 \u0441\u043c\u043e\u0442\u0440\u0443 \u0458\u0435 \u0438\u0437\u0432\u0435\u0434\u0435\u043d\u043e 5 \u043f\u0430\u0441\u0430: 1.H-INA, vlasnik: Jovanovi\u0107 Dejan,Plandi\u0161te, forma V, dlaka V 2.COBI VOM ILKSONWALD, vlasnik: Tomi\u0107 Nikola,Velika Plana, forma SG, dlaka V 3.KASPER II&hellip;","_links":{"self":[{"href":"https:\/\/srpskiklubnlt.rs\/index.php?rest_route=\/wp\/v2\/pages\/1095","targetHints":{"allow":["GET"]}}],"collection":[{"href":"https:\/\/srpskiklubnlt.rs\/index.php?rest_route=\/wp\/v2\/pages"}],"about":[{"href":"https:\/\/srpskiklubnlt.rs\/index.php?rest_route=\/wp\/v2\/types\/page"}],"author":[{"embeddable":true,"href":"https:\/\/srpskiklubnlt.rs\/index.php?rest_route=\/wp\/v2\/users\/1"}],"replies":[{"embeddable":true,"href":"https:\/\/srpskiklubnlt.rs\/index.php?rest_route=%2Fwp%2Fv2%2Fcomments&post=1095"}],"version-history":[{"count":3,"href":"https:\/\/srpskiklubnlt.rs\/index.php?rest_route=\/wp\/v2\/pages\/1095\/revisions"}],"predecessor-version":[{"id":1101,"href":"https:\/\/srpskiklubnlt.rs\/index.php?rest_route=\/wp\/v2\/pages\/1095\/revisions\/1101"}],"wp:featuredmedia":[{"embeddable":true,"href":"https:\/\/srpskiklubnlt.rs\/index.php?rest_route=\/wp\/v2\/media\/1097"}],"wp:attachment":[{"href":"https:\/\/srpskiklubnlt.rs\/index.php?rest_route=%2Fwp%2Fv2%2Fmedia&parent=1095"}],"curies":[{"name":"wp","href":"https:\/\/api.w.org\/{rel}","templated":true}]}}